e 0 = 5*f + 2*u - 30 + 9, 6 = f + u. What are the prime factors of 128/f*(-18)/(-8)?
2, 3
Let t(n) = -n**3 - 11*n**2 + 87*n + 20. List the prime factors of t(-17).
5, 11
Let r(z) be the second derivative of -z**3/3 + 4*z**2 + z. Let l be r(8). List the prime factors of (-202)/l + 3/(-12).
5
Suppose -2*r - 2*r + 3*s + 24 = 0, -3*s = 2*r + 6. Let g(j) = 0 + 22*j + 4 - r + 1. What are the prime factors of g(2)?
2, 23
Let q be 4/2*((-22)/4 - -2). What are the prime factors of 16*1 - (-5 - q)?
2, 7
What are the prime factors of (-2)/(-3) + (-118560)/(-171)?
2, 347
Let h = -227 - -381. Let j = h + -78. Let r = -40 + j. What are the prime factors of r?
2, 3
Suppose 0 = a + 2*a - 3. Suppose -3*m + b + a = 0, b + 0*b = -3*m + 5. What are the prime factors of -7 - -4 - (-29)/m?
2, 13
Suppose w + 15 = 5*a + 5*w, -a + 3 = -3*w. Let b(p) = p**3 - 5*p**2 + 5*p - 4. Let n be b(a). Let l = n - -23. List the prime factors of l.
2
Suppose -2*v - 3*c - 29 = -9, -30 = 3*v - 2*c. List the prime factors of (2 + 25/v)*-52.
2, 13
Let t(y) = -2*y - 15. Let q(r) = -r**3 - 8*r**2 - 6*r + 10. Let l be q(-7). Suppose -j - l*x - 5 = -2*j, -75 = 5*j + 5*x. What are the prime factors of t(j)?
5
Let f = -14 + 23. Suppose f = 4*m - 3*d - 14, 0 = -2*m + 5*d + 15. Suppose m*b - 101 = 89. List the prime factors of b.
2, 19
List the prime factors of (9196/(-66))/((-6)/9).
11, 19
Suppose 11*i + 8016 = 2*r + 15*i, -4*i - 7992 = -2*r. List the prime factors of r.
2, 3, 23, 29
Let p(f) = 17*f**2 - 3*f - f**3 - 6*f**2 + 15 - 3*f. What are the prime factors of p(10)?
5, 11
Let p(v) = -6*v + 0*v - 91 - v**2 + 89. Let t be p(-4). Suppose -301 = t*k - 13*k. What are the prime factors of k?
43
Suppose 0 = -3*j + 1753 + 8465. List the prime factors of j.
2, 13, 131
Suppose 0 = 5*u - 9 - 1. List the prime factors of (9 + 37)*1/u.
23
Suppose 19*x - 19012 = -9*x. List the prime factors of x.
7, 97
Suppose 0 = -3*p + 9, -n = -0*n + 5*p - 348. List the prime factors of n.
3, 37
Let p be 2*-1 - (-10 + 12). List the prime factors of 4 + 3 + p - -59.
2, 31
Let o(y) = y**3 + 19*y**2 + 18*y + 9. Let w be o(-18). Let x(c) = -2 - 25*c + w*c - 2*c - 2. What are the prime factors of x(-3)?
2, 5
Let j = 2373 - 1040. What are the prime factors of j?
31, 43
Let d = -28 + -46. List the prime factors of 4/4*(0 - d).
2, 37
List the prime factors of (-5)/(35/4) + (-1838)/(-7).
2, 131
Suppose -31*h + 36 = -25*h. What are the prime factors of h?
2, 3
Let p = 869 - 591. List the prime factors of p.
2, 139
List the prime factors of (-24)/16 - (3118/(-4) - -1).
3, 7, 37
Suppose 5*b = 10 + 10. Suppose b*k - 52 + 9 = 3*n, n + 2*k + 21 = 0. Let r = 33 + n. List the prime factors of r.
2
Let p(t) = t**2 + 14*t + 8. Let x be p(-14). What are the prime factors of (4/x - 1)/((-2)/76)?
19
Let d(k) = 7*k**2 - 71*k - 48. What are the prime factors of d(21)?
2, 3, 43
Let w = -31 - -42. Suppose -9*y = -w*y + 46. List the prime factors of y.
23
Suppose -4*s - 3 = -s + 3*a, 0 = 5*s + 4*a + 1. Suppose 0 = 6*n - s*n - 189. What are the prime factors of n?
3, 7
Let t = 17 + -11. Suppose -t*z + 95 = -z. What are the prime factors of z?
19
Let v(y) = 51*y - 2. Let s be v(1). Suppose 0 = 4*b - 3*k - 139, 3*b - 4*k = 4*b - s. What are the prime factors of b?
37
Let z be (4 - -1)/((-4)/4). Let k be 598/6 - z/15. Suppose 2*g - 50 = -5*b, g - k = -3*g + 2*b. What are the prime factors of g?
5
List the prime factors of (-10 + (-171)/(-18))/((-2)/1604).
401
Let o = 1 + 1. Suppose -2*q + 6 = -3*g - o, 0 = 3*g. Suppose -q*h + 7*h - 99 = 0. List the prime factors of h.
3, 11
Let k be ((-42)/(-18))/(24/27 - 1). What are the prime factors of (-2715)/k - (3 - (-76)/(-28))?
3, 43
Suppose -3*a - 65 - 146 = -v, -467 = -2*v - 3*a. What are the prime factors of v?
2, 113
List the prime factors of 7 + 259/(-35) + 21924/10.
2, 137
Let w(b) = 325*b - 66. What are the prime factors of w(2)?
2, 73
Suppose 36 = 4*w + 4*t, 4*w - 2*t - 7 = w. Suppose 4*j - 2 = 3*m, -w*j + 1 = -2*m - 5. Suppose j*o = -i + o + 19, -5*i = -5*o - 95. List the prime factors of i.
19
Let k(s) = s**3 - 8*s**2 + 8*s - 8. Let g be k(7). Let p be (3/(-2))/(g/2). Suppose -4*r + 2*b = -b - 30, 6 = -p*b. What are the prime factors of r?
2, 3
Let i = 512 + -160. What are the prime factors of i?
2, 11
Let s = 132 + -474. Let x = s + 534. List the prime factors of x.
2, 3
Let m = 225 - 329. Let o = m + 173. Let c = -12 + o. What are the prime factors of c?
3, 19
What are the prime factors of ((-2)/(-3))/(((-11)/(-267))/11)?
2, 89
Suppose -88 + 1150 = 3*w. List the prime factors of w.
2, 3, 59
Let h(u) = -u**3 - 23*u**2 - u - 25. Let t(g) = 2*g**3 + 45*g**2 + g + 49. Let c(x) = 5*h(x) + 3*t(x). List the prime factors of c(-20).
2, 31
Suppose 0 = 3*w, 4*o - 6*w + 7*w = 748. List the prime factors of o.
11, 17
Suppose 0 = 4*u - p - 252, -u + 189 = 2*u - 5*p. Let a be (-319)/(-3) + 4*(-5)/(-30). Let s = a - u. List the prime factors of s.
2, 11
Let y = 99 + 121. Suppose v = y - 35. What are the prime factors of v?
5, 37
Let i = 281 - 149. Let l = -55 + i. List the prime factors of l.
7, 11
Suppose -243 = -2*h + 185. What are the prime factors of h?
2, 107
List the prime factors of (-3652)/(-352) + 6/(-16).
2, 5
Let j(s) = 1015*s**2 + 14*s + 32. What are the prime factors of j(-2)?
2, 127
Suppose 109*x + 11102 = 123*x. What are the prime factors of x?
13, 61
Suppose 0 = -2*i + 3*x + 23, 0 = 3*i - 0*x - 2*x - 22. Let c be -5 + (-9)/((-18)/i). List the prime factors of c/(-2)*220/6.
5, 11
Let l be 6/4 + 388/8. Suppose -k + 12 = 3*k. Suppose -k*y - 2*p = -209 + l, 70 = y - 5*p. List the prime factors of y.
5, 11
Suppose -27 = -3*w + 69. Let n = w - -14. List the prime factors of n.
2, 23
Let i = -97 + 158. List the prime factors of i.
61
Suppose 0 = 17*j - 18*j + 303. Suppose 54 = 2*m - 4*u - 78, -j = -5*m + u. List the prime factors of m.
2, 3, 5
Let s(j) = 5*j**2 + 9*j - 3. What are the prime factors of s(6)?
3, 7, 11
Let v(d) = 217*d - 668. What are the prime factors of v(8)?
2, 3, 89
Let r = 756 - 726. What are the prime factors of r?
2, 3, 5
Let v be (238 - 6/2) + (1 - -1). Suppose 8*g - 607 = 3*g + 2*o, -2*g - 5*o = -v. List the prime factors of g.
11
Let u(k) = -k**3 - 16*k**2 - 12*k + 19. Let q be u(-15). Let a = q - -100. What are the prime factors of a?
2, 37
Suppose -2*q + q = -12. Suppose 4 = -4*r + q. Suppose 16 = r*a - 20. List the prime factors of a.
2, 3
Suppose 0 = -6556*y + 6565*y - 33237. List the prime factors of y.
3, 1231
Let c be (-224 - -2)*(-8)/12. Let l be 2/(-12) + c/24. Suppose -l*i + 15 = -5*i. What are the prime factors of i?
3, 5
Let k = -6 - 9. Let t = -6 - k. Suppose t = v - 7. What are the prime factors of v?
2
Let t(m) = 23*m**2 + 6*m - 3. Let k be t(2). Suppose -8*x = 435 + k. Let h = 95 + x. What are the prime factors of h?
2, 7
Let y = 1846 - 249. What are the prime factors of y?
1597
Suppose 6*i - 968 = 2*i. List the prime factors of i.
2, 11
Suppose -2*d + 156 + 438 = 0. List the prime factors of d.
3, 11
Let f(w) = -2*w**2 + 9*w + 7. Let v be f(5). Suppose -4*l = -16, 2*j + 2*j - v*l - 4 = 0. List the prime factors of j + 0/2 - -27.
2, 3, 5
Suppose -3*y + 4574 = 2*v, 4*y - v + 4*v = 6099. Suppose 144 + y = 6*m. List the prime factors of m.
2, 139
Let y(i) = i**3 + 19*i**2 - 68*i + 28. What are the prime factors of y(-21)?
2, 7, 41
Suppose 10*l - 18*l = 0. Suppose -2*p - j + 78 = -l*p, 4*j - 122 = -3*p. List the prime factors of p.
2, 19
Let f = 467 - -257. What are the prime factors of f?
2, 181
Let t be 5*2/(30/27). Let z be 1/1 + t + -1. List the prime factors of 152/36 + (-2)/z.
2
Let z(x) = 2*x - 7. Let a be z(6). Suppose -2*p + 144 = -v - 3*v, 0 = -5*p + a*v + 380. What are the prime factors of p?
2, 5
Suppose 14*j - 48 = -2*j. Suppose 173 + 61 = a - j*f, 908 = 4*a - 5*f. List the prime factors of a.
2, 3, 37
Let p(a) = 18*a**2 + 17*a - 267. What are the prime factors of p(10)?
13, 131
What are the prime factors of (-88)/20 - -5 - 4782/(-5)?
3, 11, 29
Let g(h) = 42*h + 41. What are the prime factors of g(18)?
797
Suppose 309 = -6*b + 1293. List the prime factors of b.
2, 41
Suppose -2*p + 4*t = -p - 17, p = 2*t + 11. Let o(b) = b**2 - 6*b + 8. Let g be o(4). Suppose -p*j + 20 + 85 = g. What are the prime factors of j?
3, 7
Suppose 212*l = 217*l - 580.